 + 59 = -q*u. Let k = -10 - u. What is the units digit of k?
5
Let h(j) = 5*j - 14. Let x be h(4). Let m(w) = 12*w + 6. Let t be m(x). Suppose -3*f = -f - t. What is the units digit of f?
9
Let b(s) = 4*s - 4*s - 14*s**2 + 0 + 33 - s**3 + s. What is the tens digit of b(-14)?
1
Let d be 2 - (-10)/(-6) - (-27506)/(-6). What is the hundreds digit of ((-2)/(-6))/((-8)/d)?
1
Let v = -37 - -35. Let j(a) = 2*a**2 - 6*a - 3. What is the units digit of j(v)?
7
Let x be (-632)/16 + 3/2. Let h = -72 - x. Let m = h - -58. What is the tens digit of m?
2
Suppose 13*g - 910 = 65. What is the tens digit of g?
7
Suppose -6*r = 7*r - 4862. What is the hundreds digit of r?
3
Let w = 95 + -91. Suppose 9 = 3*t + 4*h - 79, 136 = 5*t - w*h. What is the tens digit of t?
2
Let p(s) = -s**3 - 16*s**2 - 14*s - 8. Let i be p(-15). Let q = i + 43. What is the units digit of q?
0
Let o(j) = -j**2 + 2*j - 2. Let n be o(2). Let d = 4 + n. Suppose -d*w + 104 - 32 = 0. What is the units digit of w?
6
Suppose 11*u - 12*u - 136 = 0. Let i = u + 272. What is the tens digit of i?
3
Suppose 4*a - 5508 = -4*g, -20*g + 2766 = 2*a - 21*g. What is the thousands digit of a?
1
Let y be (-3)/(-18) - 201/18. What is the tens digit of 3010/21 - (3 + y/3)?
4
Suppose -3*q + 418 = -5*t, -q + 529 = 3*q - t. What is the tens digit of q?
3
Let k(f) be the first derivative of f**2/2 + 7*f - 5. Let n be k(-5). Let y = 6 - n. What is the units digit of y?
4
Let o(n) = -6*n**3 - 22*n**2 + 26*n + 16. What is the thousands digit of o(-10)?
3
Let c(m) = -m**2 - m + 17. Let y = 37 + -16. Let k be 3/(-7) + 9/y. What is the tens digit of c(k)?
1
Let z = -208 + 86. Let f = -28 - z. Suppose i + 3*i + 12 = 0, -2*s = 4*i - f. What is the units digit of s?
3
Let r = -16 - -20. Suppose r*z + 648 = 7*z. Suppose p = -3*p + z. What is the units digit of p?
4
Let m(n) be the first derivative of n**3/3 - 3*n**2/2 + 2*n - 1. Let q be m(4). Let z = q - -17. What is the units digit of z?
3
Suppose -2*k = -4*k + 4460. What is the tens digit of k?
3
Let x(p) = -10*p**2 - 3*p. Let i = 14 + -16. Let f be x(i). Let t = 11 - f. What is the tens digit of t?
4
Suppose 4*d - 3*v - 513 = 0, -d = -4*d + 3*v + 381. Let s be (d/(-30))/((-2)/(-10)). Let g = 45 + s. What is the tens digit of g?
2
Let v(q) = q**2 - 1. Let l(g) = -7*g**2 + 9*g - 1. Let o(f) = -2*l(f) + 6*v(f). What is the tens digit of o(3)?
2
Suppose -5*r - 22 = -7. Let m = 10 + r. Suppose 3*w = m*w - 68. What is the units digit of w?
7
Suppose 5*n - 12247 = -1182. What is the units digit of n?
3
Let z(d) = 28*d - 314. What is the tens digit of z(48)?
3
Suppose u + 2*n + 126 = 5*u, u - 27 = 2*n. Suppose 52 = o - u. What is the tens digit of o?
8
Suppose z - 27 = -5*s, -5*z + 4*s = -s + 15. Suppose -4*p = -z*p - 10. What is the units digit of p?
5
Let r(b) = -3*b + 29. Let t be r(9). Suppose -4*p + 299 = 4*x - 181, -x = t*p - 240. What is the tens digit of p?
2
Let c(y) = y**3 - 3*y**2 + 2. Let l be c(3). Suppose 14 = l*z + 4*a - 2, -5*a = z - 5. Suppose 9*m = z*m - 17. What is the tens digit of m?
1
Suppose 4*v + 6680 = 3*a + 19599, 0 = v - 4*a - 3220. What is the units digit of v?
2
Let y(w) = 159*w - 18. What is the hundreds digit of y(3)?
4
Suppose 22280 = 44*h - 43588. What is the hundreds digit of h?
4
Let m(x) = -6*x + 12. Let d = 9 + -20. What is the units digit of m(d)?
8
Let c(b) = 64*b + 8. Let f(m) = -256*m - 33. Let n(s) = 9*c(s) + 2*f(s). Let j be n(2). What is the units digit of (-2)/(-4) - j/(-4)?
4
Let y = -241 + 473. What is the units digit of y?
2
Let d be (-4)/(-14) - 400/(-70). What is the tens digit of ((-40)/d)/((-7)/21)?
2
Let u = 726 - 401. What is the tens digit of u?
2
Suppose -29*y + 32*y - b - 1214 = 0, b = 2*y - 810. What is the hundreds digit of y?
4
Let m be (-2)/(-6) - (85/(-15) - -3). Suppose -2*d - 4 = -x + d, -5*x + 20 = m*d. What is the units digit of x?
4
What is the units digit of 54/(-837) - (-168086)/62?
1
Let u(k) = k**3 + 4*k**2 + 2*k - 1. Suppose n + 2*z = 8, -3*z - 7 + 28 = -3*n. What is the units digit of u(n)?
3
Suppose 2*m - 3*r + 0*r = 156, 20 = -5*r. Let w = m + -18. What is the tens digit of w?
5
Let d be 3/((-4)/(-4)) - 0. Let r(j) = d - 3 + 12*j. What is the units digit of r(1)?
2
Let a(c) = -c**3 - 3*c**2 + 2*c - 2. Let i be a(-4). Let p(g) = -g**2 + 16*g - 9. What is the tens digit of p(i)?
5
Suppose 5*w - 2*a - 21 = 992, 4*w - 3*a = 809. What is the hundreds digit of w?
2
Suppose -236 = -4*j + 40. Suppose 2*d = 153 - j. What is the units digit of d?
2
Let j = 444 - 634. Let q = -54 - j. What is the tens digit of q?
3
Suppose -5*u + 19 - 4 = 0. Suppose 0 = 4*y + u*b - 5 + 191, 5*b + 10 = 0. Let m = y + 75. What is the tens digit of m?
3
Let q(c) = 3*c**2 + c - 2. Let z be q(1). Suppose 5*u - 102 = 4*i, z*u = 6*u + i - 90. What is the tens digit of u?
2
Let a be 6/(2 - (1 + 0)). Let s(f) = -5 + 9*f + a - f**3 + 6 + 8*f**2. What is the units digit of s(9)?
7
Let c be 2 + (-885)/12 + (-1)/4. Let h = 116 + c. What is the tens digit of h?
4
Suppose -y + 819 = h, -y + 0*h = 3*h - 819. What is the units digit of y?
9
Let l be (14/(-21))/((-4)/390). What is the units digit of 13/l - (-1)/(5/879)?
6
Let f be (0 - 1)/(7/28) - -1. Let h(w) = -2*w**3 - w**2 + 7*w + 1. What is the tens digit of h(f)?
2
Let s = 661 + -409. What is the tens digit of s?
5
Let m = 1288 - -533. What is the tens digit of m?
2
Let a(i) = -25*i + 123. What is the units digit of a(-47)?
8
Let f = 9 - 16. Let y = f - 7. What is the units digit of 4/(-14) + (-690)/y?
9
Suppose -4*s + 5*h + 89 = -8*s, 2*h - 70 = 5*s. Let b be (-45 - 1)*(-8)/s. Let y = -10 - b. What is the tens digit of y?
1
Let u(z) = -10*z + 5. Let n be u(8). Let b = -38 - n. What is the tens digit of b?
3
Let v(b) = -6*b + 159. Let m be (2 - 2)/(4/4). What is the hundreds digit of v(m)?
1
Suppose f + 16 - 25 = 0. Suppose 3*b + f = -0*b. What is the units digit of (2 + b + 0)*-31?
1
What is the hundreds digit of (-40 + 6)/((-575)/(-585) - 1)?
9
Suppose 4*d + 4589 = 5*u + 1074, 0 = -u + d + 704. What is the tens digit of u?
9
Suppose 86 = -2*q - 4*g, -2*q = 2*g - 13 + 89. Let h = -11 - q. What is the units digit of h?
2
Let p be (-253)/(-2) + (-12)/8. Suppose 0 = -7*t + 2*t + 2*l + 999, -4*t = -2*l - 800. Let o = t - p. What is the tens digit of o?
7
Suppose 3*c - 17 - 34 = 3*q, 22 = 2*c + 4*q. Suppose -c = -4*j + 5. What is the tens digit of ((-24)/j)/(11/(-55))?
2
Let q = 719 + -1547. What is the units digit of (-12)/18*q/8?
9
Let o = 11163 - 7732. What is the hundreds digit of o?
4
Suppose 0 = -n - n + 6. Suppose -d = -n*d + 4. Suppose 32 = d*j + 4. What is the units digit of j?
4
Suppose -38 = -4*z + 5*h - 388, 92 = -z - h. Let i = -32 - z. Suppose -3*q + q + i = 0. What is the units digit of q?
9
Let v(o) be the first derivative of 2*o**3/3 - 5*o - 1. What is the units digit of v(-3)?
3
Let m be (-18)/(-45) + (-4)/10. Suppose -6*s - 2*s + 352 = m. What is the units digit of s?
4
What is the tens digit of (-11016)/(-85)*10/3?
3
Let c(y) = 12*y**2 - 7*y + 39. What is the units digit of c(-7)?
6
Suppose 5*q + 5*g + 188 = 2768, 0 = -5*q + 3*g + 2572. What is the hundreds digit of q?
5
Let x = -4 - -8. Suppose -2*j = x*j + 3744. What is the units digit of ((-2)/3)/(13/j)?
2
Let i = 54 + -7. Suppose 0 = 4*u - 16, 3*u + i - 9 = 2*w. What is the tens digit of w?
2
Let h(d) = d**2 - 2*d. Let g be h(4). Let z(q) = 3*q - 20. Let s be z(8). Let t = g - s. What is the units digit of t?
4
Let g(w) = -11*w - 19. Let c be g(-6). Suppose r - f = 18, 4*r - 24 - c = 3*f. What is the units digit of r?
7
Let a(w) = w**2 - 6*w - 5. Let u be a(7). Let o(d) be the first derivative of 7*d**2/2 - 9. What is the units digit of o(u)?
4
Let d be 4 + (2 + -2)*12/(-24). What is the units digit of 15/(-2)*(-33 + -5 + d)?
5
Let m be 20*(1 + 0) + -3. Let d = 15 + 6. Let y = d - m. What is the units digit of y?
4
Let x = 64 + -51. Suppose -v + x*v = 1164. What is the tens digit of v?
9
Let z be 0/(-5) - ((-2)/2 - 38). Suppose z*m + 222 = 45*m. What is the tens digit of m?
3
Let h(i) be the first derivative of 2*i**2 + 11*i - 11. Let j be h(-4). What is the units digit of (-58)/j + 8/20?
2
Let g(z) = 3*z**2 + 25*z + 57. What is the tens digit of g(-21)?
5
Suppose 0 = -4*v + 12, 3*v - 6 + 27 = i. Let p = 39 + i. Supp